der when 68015494 is divided by 1398?
1396
What is the remainder when 1099205 is divided by 6582?
11
What is the remainder when 14524621 is divided by 230549?
34
Calculate the remainder when 535006 is divided by 66873.
22
What is the remainder when 1007572 is divided by 768?
724
Calculate the remainder when 5736669 is divided by 29.
5
What is the remainder when 13720275 is divided by 6860132?
11
What is the remainder when 112292 is divided by 204?
92
What is the remainder when 1165664 is divided by 70?
24
What is the remainder when 1208829 is divided by 62?
15
Calculate the remainder when 14507388 is divided by 1713.
1704
Calculate the remainder when 116928071 is divided by 54.
35
Calculate the remainder when 176422 is divided by 51.
13
What is the remainder when 8523343 is divided by 16?
15
Calculate the remainder when 37468647 is divided by 12.
3
What is the remainder when 2253874 is divided by 2122?
310
What is the remainder when 27436 is divided by 527?
32
What is the remainder when 15719945 is divided by 469?
3
What is the remainder when 1552128 is divided by 70550?
28
What is the remainder when 65475 is divided by 21824?
3
Calculate the remainder when 30329 is divided by 1462.
1089
What is the remainder when 5588320 is divided by 70?
10
Calculate the remainder when 2882481 is divided by 90.
51
What is the remainder when 531334 is divided by 1115?
594
Calculate the remainder when 2084863 is divided by 9788.
19
What is the remainder when 103395 is divided by 145?
10
Calculate the remainder when 28917 is divided by 323.
170
What is the remainder when 29817037 is divided by 14908475?
87
What is the remainder when 571966 is divided by 40840?
206
What is the remainder when 9945031 is divided by 187?
184
What is the remainder when 1084433 is divided by 90369?
5
What is the remainder when 166870 is divided by 128?
86
Calculate the remainder when 920531 is divided by 3267.
2504
What is the remainder when 9190853 is divided by 999?
53
What is the remainder when 2565422 is divided by 2393?
126
What is the remainder when 118877 is divided by 1668?
449
What is the remainder when 6651826 is divided by 113?
81
Calculate the remainder when 605616 is divided by 21629.
4
What is the remainder when 3148139 is divided by 1622?
1459
What is the remainder when 1249647 is divided by 156177?
231
What is the remainder when 119501626 is divided by 4857?
4855
Calculate the remainder when 12132548 is divided by 71.
68
Calculate the remainder when 62985383 is divided by 12.
11
Calculate the remainder when 215055 is divided by 214789.
266
Calculate the remainder when 714237 is divided by 8104.
1085
Calculate the remainder when 6653329 is divided by 359.
341
What is the remainder when 607556 is divided by 75942?
20
Calculate the remainder when 43829971 is divided by 21914979.
13
What is the remainder when 1999147 is divided by 79965?
22
Calculate the remainder when 213697 is divided by 3511.
3037
What is the remainder when 3207212 is divided by 49?
15
Calculate the remainder when 87326 is divided by 220.
206
Calculate the remainder when 563042 is divided by 7038.
2
What is the remainder when 982931 is divided by 295?
286
What is the remainder when 109051 is divided by 1907?
352
Calculate the remainder when 423472 is divided by 211667.
138
What is the remainder when 1683436 is divided by 1335?
1
What is the remainder when 474932 is divided by 52?
16
What is the remainder when 9512564 is divided by 850?
214
Calculate the remainder when 39965212 is divided by 679.
630
Calculate the remainder when 34078344 is divided by 7113.
7074
What is the remainder when 2471546 is divided by 44937?
11
Calculate the remainder when 299448 is divided by 6812.
6532
What is the remainder when 44285545 is divided by 31?
30
What is the remainder when 3205810 is divided by 328?
266
What is the remainder when 2746635 is divided by 1381?
1207
What is the remainder when 1424638 is divided by 50879?
26
What is the remainder when 695163197 is divided by 320?
317
Calculate the remainder when 98418042 is divided by 46358.
8
Calculate the remainder when 212476 is divided by 4407.
940
What is the remainder when 1576084916 is divided by 12?
8
Calculate the remainder when 2372294 is divided by 7596.
2342
Calculate the remainder when 4841657 is divided by 6.
5
Calculate the remainder when 4203524 is divided by 952.
444
Calculate the remainder when 55422432 is divided by 30876.
12
What is the remainder when 44007 is divided by 14651?
54
What is the remainder when 19940500 is divided by 4985113?
48
What is the remainder when 169697 is divided by 21207?
41
What is the remainder when 3987 is divided by 22?
5
What is the remainder when 262340909 is divided by 3627?
3626
Calculate the remainder when 770656 is divided by 639.
22
Calculate the remainder when 6656644 is divided by 175174.
32
Calculate the remainder when 3520085 is divided by 880018.
13
What is the remainder when 2012247 is divided by 502959?
411
What is the remainder when 53125 is divided by 24812?
3501
What is the remainder when 1590263 is divided by 368?
135
Calculate the remainder when 1256771 is divided by 1573.
1517
What is the remainder when 48730 is divided by 1711?
822
Calculate the remainder when 8307131 is divided by 8307113.
18
What is the remainder when 103574085 is divided by 376?
373
What is the remainder when 384268 is divided by 192114?
40
What is the remainder when 27004246 is divided by 2698?
2662
Calculate the remainder when 9096261 is divided by 40.
21
What is the remainder when 13550521 is divided by 47?
45
Calculate the remainder when 14430683 is divided by 435.
428
What is the remainder when 205381 is divided by 3405?
1081
What is the remainder when 313713725 is divided by 3084?
3077
Calculate the remainder when 428965 is divided by 15554.
9007
What is the remainder when 37001271 is divided by 577?
569
What is the remainder when 4936519 is divided by 334?
333
What is the remainder when 333476348 is divided by 73?
11
What is the remainder when 88599 is divided by 91?
56
Calculate the remainder when 48002567 is divided by 70.
67
What is the remainder when 15320 is divided by 7655?
10
What is the remainder when 15552428 is divided by 2221775?
3
Calculate the remainder when 231764 is divided by 77225.
89
Calculate the remainder when 3181908 is divided by 227278.
16
Calculate the remainder when 169230 is divided by 33841.
25
What is the remainder when 17040 is divided by 7432?
2176
Calculate the remainder when 362153 is divided by 9787.
34
What is the remainder when 277960 is divided by 92535?
355
What is the remainder when 1203997 is divided by 7972?
225
Calculate the remainder when 1214249 is divided by 2898.
2885
What is the remainder when 527471 is divided by 231?
98
What is the remainder when 8199745 is divided by 1171388?
29
What is the remainder when 378550 is divided by 41978?
748
Calculate the remainder when 1114324 is divided by 19.
12
Calculate the remainder when 322901 is divided by 15374.
47
What is the remainder when 398117178 is divided by 21?
18
Calculate the remainder when 510969 is divided by 5109.
69
Calculate the remainder when 7783178 is divided by 4.
2
What is the remainder when 71408476 is divided by 81?
10
What is the remainder when 9496402 is divided by 1008?
34
Calculate the remainder when 1716329 is divided by 572061.
146
What is the remainder when 4883999 is divided by 1184?
1183
What is the remainder when 123824 is divided by 46?
38
Calculate the remainder when 65263 is divided by 4304.
703
What is the remainder when 1025511 is divided by 166?
129
What is the remainder when 837498 is divided by 488?
90
Calculate the remainder when 43351 is divided by 10793.
179
What is the remainder when 17083806 is divided by 157?
8
What is the remainder when 22413 is divided by 177?
111
Calculate the remainder when 4953652 is divided by 3861.
3850
What is the remainder when 3451690 is divided by 80?
10
Calculate the remainder when 1088333 is divided by 1140.
773
What is the remainder when 10845746 is divided by 542287?
6
What is the remainder when 8102678 is divided by 13946?
52
What is the remainder when 3449674 is divided by 5538?
5038
Calculate the remainder when 25454206 is divided by 192.
190
Calculate th